Does 1230 divide 8513757?
False
Is 1357332 a multiple of 1196?
False
Is 53 a factor of 154919?
True
Does 467 divide 33524634?
False
Is 28 a factor of 643254?
False
Is 115219 a multiple of 11?
False
Does 57 divide 648795?
False
Is 4 a factor of 326025?
False
Is 53 a factor of 28355?
True
Does 267 divide 22962?
True
Is 173 a factor of 38925?
True
Is 223 a factor of 67213?
False
Does 23 divide 166750?
True
Does 26 divide 819926?
False
Is 16170798 a multiple of 13?
False
Is 21 a factor of 537957?
True
Is 6 a factor of 260852?
False
Is 535329 a multiple of 27?
True
Does 59 divide 388397?
True
Is 2410912 a multiple of 458?
True
Is 95 a factor of 26980?
True
Does 181 divide 81269?
True
Is 402551 even?
False
Is 187287 a multiple of 163?
True
Is 715210 a multiple of 9?
False
Is 7329210 a multiple of 35?
True
Does 1043 divide 23371091?
False
Is 192 a factor of 350310?
False
Is 63 a factor of 6611849?
False
Is 7 a factor of 26268?
False
Does 9 divide 22284?
True
Does 2733 divide 18789375?
True
Does 25 divide 27168512?
False
Is 196406 a multiple of 497?
False
Does 40 divide 265080?
True
Does 21 divide 385380?
False
Does 327 divide 329838?
False
Does 17 divide 74723?
False
Is 93 a factor of 40602?
False
Is 3973244 a multiple of 4?
True
Does 422 divide 6835357?
False
Does 257 divide 5962396?
False
Is 9 a factor of 65691?
True
Does 128 divide 217958?
False
Is 1800263 a multiple of 31?
True
Is 11 a factor of 1156591?
False
Is 37 a factor of 65493?
False
Is 482638 a multiple of 18?
False
Is 270825 a multiple of 195?
False
Does 70 divide 204436?
False
Is 261088 a multiple of 5?
False
Is 25 a factor of 76075?
True
Does 152 divide 86336?
True
Is 415664 a multiple of 83?
True
Is 4611780 a multiple of 45?
True
Is 505520 a multiple of 284?
True
Is 8 a factor of 279858?
False
Is 22 a factor of 7104745?
False
Does 8 divide 4446544?
True
Does 1342 divide 1999580?
True
Is 132689 a multiple of 3?
False
Does 29 divide 2754594?
True
Is 443988 a multiple of 2?
True
Is 23 a factor of 7766189?
False
Is 93225 a multiple of 15?
True
Is 298 a factor of 4950376?
True
Is 3 a factor of 5853398?
False
Is 3730 a multiple of 2?
True
Is 78705 a multiple of 6?
False
Is 1810837 a multiple of 75?
False
Is 132984 a multiple of 12?
True
Does 291 divide 3155357?
False
Is 80 a factor of 2014076?
False
Is 167 a factor of 3847553?
False
Does 23 divide 1592175?
True
Is 563211 a multiple of 11?
True
Does 543 divide 102627?
True
Does 76 divide 80104?
True
Is 58 a factor of 917850?
True
Is 327 a factor of 620465?
False
Is 39937 a multiple of 80?
False
Is 29 a factor of 34133?
True
Is 2587122 a multiple of 84?
False
Is 406 a factor of 977648?
True
Is 12 a factor of 10889124?
True
Does 778 divide 2613302?
True
Is 415473 a multiple of 197?
True
Is 852 a factor of 5791044?
True
Is 866705 a multiple of 35?
True
Is 8 a factor of 2612841?
False
Is 16 a factor of 236487?
False
Is 1951293 a multiple of 113?
False
Is 69 a factor of 1721274?
True
Is 30 a factor of 100092?
False
Is 101 a factor of 2515649?
False
Is 11 a factor of 182589?
True
Is 1009999 a multiple of 1253?
False
Is 6 a factor of 4122?
True
Is 11812424 a multiple of 676?
True
Does 12 divide 36216?
True
Does 59 divide 269335?
True
Does 9 divide 7180191?
True
Is 8 a factor of 1493839?
False
Is 860 a factor of 1861900?
True
Is 444390 a multiple of 30?
True
Is 2593566 a multiple of 742?
False
Is 1781650 a multiple of 3?
False
Is 273312 a multiple of 18?
True
Is 13 a factor of 912561?
True
Is 6 a factor of 430824?
True
Is 537192 a multiple of 8?
True
Is 1126 a factor of 31978400?
True
Is 9 a factor of 8551116?
True
Is 110651 a multiple of 308?
False
Is 11 a factor of 28413?
True
Does 43 divide 38012?
True
Is 523016 a multiple of 188?
True
Is 1657117 a multiple of 77?
True
Is 412510 a multiple of 74?
False
Is 36 a factor of 156888?
True
Is 119520 a multiple of 160?
True
Is 5682673 a multiple of 151?
False
Is 435848 a multiple of 86?
True
Does 183 divide 235393?
False
Is 1221 a factor of 15532778?
False
Is 180 a factor of 2955818?
False
Does 427 divide 8800470?
True
Does 36 divide 2308?
False
Is 6000372 a multiple of 173?
False
Is 809 a factor of 1406503?
False
Is 247 a factor of 2490748?
True
Is 29255 a multiple of 23?
False
Is 4055774 a multiple of 49?
False
Is 36067 even?
False
Is 2391204 a multiple of 45?
False
Is 1371692 a multiple of 128?
False
Does 14 divide 3534062?
True
Is 3276567 a multiple of 712?
False
Is 639 a factor of 201924?
True
Does 132 divide 25872?
True
Does 21 divide 98980?
False
Is 5 a factor of 13330?
True
Is 359 a factor of 705435?
True
Does 20 divide 413000?
True
Is 176000 a multiple of 40?
True
Is 6478411 a multiple of 647?
True
Is 2645395 a multiple of 204?
False
Does 50 divide 1664250?
True
Is 343 a factor of 22638?
True
Is 14 a factor of 494412?
False
Is 505844 a multiple of 15?
False
Does 37 divide 2291982?
False
Is 31 a factor of 11070315?
False
Does 62 divide 441648?
False
Does 16 divide 89405?
False
Is 210 a factor of 2092814?
False
Does 571 divide 481924?
True
Is 63 a factor of 996552?
False
Does 1595 divide 387585?
True
Does 15 divide 182261?
False
Is 118 a factor of 1357590?
True
Is 37 a factor of 3100748?
True
Is 170078 a multiple of 307?
True
Does 19 divide 2023598?
False
Is 120 a factor of 17949480?
True
Is 13 a factor of 3342189?
False
Is 20256 a multiple of 6?
True
Is 3231295 a multiple of 37?
False
Is 156 a factor of 302503?
False
Does 204 divide 661232?
False
Is 122711 a multiple of 277?
True
Is 112677 a multiple of 7?
False
Is 33490 a multiple of 5?
True
Is 34048 a multiple of 352?
False
Does 188 divide 236128?
True
Is 226 a factor of 1204580?
True
Is 54 a factor of 3780?
True
Is 2695968 a multiple of 552?
True
Does 138 divide 808465?
False
Does 375 divide 151186?
False
Does 18 divide 164512?
False
Is 1204 a factor of 18264680?
True
Is 339014 a multiple of 221?
True
Does 3 divide 2537?
False
Is 8 a factor of 4446896?
True
Is 6 a factor of 1551770?
False
Is 5750992 a multiple of 86?
True
Is 2375850 a multiple of 282?
True
Is 1525040 a multiple of 88?
True
Is 4720408 a multiple of 158?
True
Is 103 a factor of 320008?
False
Does 29 divide 960480?
True
Does 14 divide 75524?
False
Is 1489135 a multiple of 563?
True
Does 57 divide 98040?
True
Is 24024 a multiple of 546?
True
Is 137581 a multiple of 161?
False
Does 15 divide 86235?
True
Does 2 divide 266665?
False
Is 100214 a multiple of 755?
False
Is 57 a factor of 3858387?
True
Does 120 divide 680160?
True
Does 246 divide 112230?
False
Is 288 a factor of 48672?
True
Does 335 divide 981104?
False
Does 5 divide 79254?
False
Is 12365424 a multiple of 24?
True
Is 14 a factor of 3391486?
True
Is 455308 a multiple of 142?
False
Is 16 a factor of 135472?
True
Is 779206 a multiple of 53?
True
Is 39 a factor of 206367?
False
Is 55 a factor of 169565?
True
Does 147 divide 7562121?
True
Is 336 a factor of 65184?
True
Is 29 a factor of 261729?
False
Is 6 a factor of 1070833?
False
Is 5557 a multiple of 2?
False
Is 45 a factor of 9537525?
True
Does 3 divide 263038?
False
Is 23772114 a multiple of 762?
True
Is 47 a factor of 4829829?
False
Is 33 a factor of 1181971?
False
Does 104 divide 3768833?
False
Does 667 divide 1261297?
True
Does 130 divide 741964?
False
Does 177 divide 266916?
True
Is 269979 a multiple of 66?
False
Is 194 a factor of 1926808?
True
Does 7 divide 7817448?
False
Is 2 a factor of 23173?
False
Is 33 a factor of 1721566?
False
Does 12 divide 1507437?
False
Does 20 divide 2042775?
False
Is 495 a factor of 1637712?
False
Does 10 divide 303340?
True
Is 529 a factor of 4146831?
True
Is 152 a factor of 135272?
False
Is 773720 a multiple of 193?
False
Does 1027 divide 3346993?
True
Is 235 a factor of 69325?
True
Is 3209171 a multiple of 5?
False
Is 37522 a multiple of 12?
False
Is 981 a factor of 1739313?
True
Is 403 a factor of 9538106?
False
Is 27 a factor of 238761?
True
Is 9 a factor of 4736727?
True
Is 7 a factor of 1776974?
False
Is 20 a factor of 9664?
False
Is 46033 a multiple of 18?
False
Is 194 a factor of 64214?
True
Does 33 divide 3099690?
True
Is 609781 a multiple of 19?
False
Is 102340 a multiple of 731?
True
Does 3 divide 68812?
False
Is 569240 a multiple of 14?
True
Is 756029 a multiple of 33?
False
Does 251 divide 115962?
True
Does 266 divide